- 134*c - 201. Determine p(50).
599
Let q(j) = -2*j**2 - 193*j - 4651. Give q(-47).
2
Let s(o) = 644*o + 8391. Calculate s(-13).
19
Let q(v) = -12*v - 63. What is q(-25)?
237
Let n(c) = -2*c**2 - 15*c - 8. What is n(-5)?
17
Let i(z) = 37*z - 1300. Give i(35).
-5
Let x(c) = -92*c - 392. Determine x(-4).
-24
Let d(a) = -84*a - 1193. Calculate d(-16).
151
Let p(b) = 169*b - 150. Give p(1).
19
Let w(q) = -42*q - 1152. What is w(-31)?
150
Let z(p) = 222*p**2 + 1778*p + 14. Determine z(-8).
-2
Let j(k) = -7*k - 78. Give j(-36).
174
Let v(h) = 2*h**2 - 227*h - 1431. What is v(-6)?
3
Let u(t) = t**2 + 110*t + 834. Calculate u(-8).
18
Let t(j) = -9*j**2 + 6*j + 16. Determine t(-3).
-83
Let m(l) = 1781*l - 17838. Calculate m(10).
-28
Let k(s) = 66*s - 585. Give k(9).
9
Let g(q) = 160*q - 473. What is g(3)?
7
Let g(t) = 2*t**3 - 11*t**2 - t - 15. Give g(8).
297
Let f(a) = -a**3 - 20*a**2 - 74*a + 45. Give f(-15).
30
Let g(c) = 2*c**2 - 67*c - 97. Determine g(32).
-193
Let w(c) = -c**3 - 14*c**2 - 5398*c - 75572. Calculate w(-14).
0
Let y(i) = -8*i + 190. Determine y(0).
190
Let l(i) = -14*i**2 - 153*i + 50. Give l(-11).
39
Let m(a) = 11*a + 537. Determine m(-49).
-2
Let f(l) = -3*l**3 + 6*l**2 - 26*l + 1. What is f(-5)?
656
Let u(s) = 45*s - 158. Give u(5).
67
Let s(n) = 25*n - 124. Determine s(5).
1
Let h(k) = -31*k**3 + k**2 + 12*k + 11. Determine h(-1).
31
Let x(z) = z**2 - 42*z - 174. Give x(46).
10
Let j(h) = 206*h + 4782. Calculate j(-23).
44
Let h(r) = r**2 + 65*r + 411. Calculate h(-6).
57
Let s(b) = b**3 + 43*b**2 + 453*b + 28. What is s(-18)?
-26
Let q(p) = p**3 - 3*p**2 + 211*p - 1137. Give q(5).
-32
Let f(c) = -c**3 - 94*c**2 + 497*c + 197. Give f(-99).
-1
Let d(z) = -z**3 - 14*z**2 + 15*z - 190. Determine d(-16).
82
Let d(c) = -26430*c - 105720. Give d(-4).
0
Let p(j) = 2*j**2 + 77*j - 153. Determine p(2).
9
Let w(g) = -3*g**2 - 3*g + 617. Calculate w(-15).
-13
Let c(d) = -47*d - 526. Determine c(-12).
38
Let x(k) = -60*k + 366. Determine x(3).
186
Let q(b) = b**3 + 3*b**2 - 15*b - 21. What is q(-5)?
4
Let o(b) = -5098*b - 66271. Calculate o(-13).
3
Let d(o) = 2*o**3 + 6*o**2 - 267*o - 64. Calculate d(-13).
27
Let b(d) = -2*d - 67. Determine b(-31).
-5
Let z(p) = 612*p + 11012. Give z(-18).
-4
Let c(k) = -125*k - 1821. What is c(-14)?
-71
Let a(g) = -4*g**2 - 5*g + 186. Determine a(-8).
-30
Let o(a) = -a**3 + 14*a**2 - 51*a + 115. What is o(10)?
5
Let d(j) = j**2 - 96*j + 1414. Give d(18).
10
Let l(z) = z**3 - 59*z**2 - 239*z - 812. Give l(63).
7
Let q(i) = i**3 - 9*i**2 + 39. Calculate q(0).
39
Let g(r) = 78*r + 375. Determine g(-6).
-93
Let c(n) = -6*n**3 - 7*n**2 + 6*n - 3. Determine c(3).
-210
Let l(o) = 3*o**2 + 33*o + 111. Determine l(-9).
57
Let s(z) = -z**3 - 70*z**2 + 68*z - 191. What is s(-71)?
22
Let v(t) = -54*t - 382. Determine v(-6).
-58
Let b(c) = -2*c**3 - 44*c**2 + 47*c + 12. Give b(-23).
-11
Let t(r) = 10*r**3 - 7*r**2 - 9*r - 1. Determine t(-1).
-9
Let d(s) = 28*s + 855. What is d(-40)?
-265
Let r(v) = 3*v**2 + 4*v - 1. Determine r(6).
131
Let q(x) = x**3 + 10*x**2 - 21*x - 6. Determine q(-12).
-42
Let o(t) = 12*t**2 + 42*t - 6. Calculate o(-4).
18
Let y(u) = 6*u**2 + 24*u + 5. Determine y(4).
197
Let s(p) = p**2 - 21*p - 210. Give s(-13).
232
Let k(n) = 164*n + 13967. Give k(-85).
27
Let k(z) = -37*z**2 + 55*z - 13. What is k(5)?
-663
Let m(c) = 425*c + 1706. Give m(-4).
6
Let i(u) = 284*u**2 - 4541*u + 5. What is i(16)?
53
Let o(r) = 1174*r + 8188. Calculate o(-7).
-30
Let z(q) = q**3 - 19*q**2 - 11*q + 531. Calculate z(18).
9
Let w(a) = 4*a**3 + 8*a**2 + 2*a - 33. Calculate w(-3).
-75
Let p(q) = 3*q + 56. Calculate p(12).
92
Let j(i) = i**3 - 46*i**2 + 50*i - 268. What is j(45)?
-43
Let h(z) = 2*z**2 + 41*z + 55. Calculate h(-24).
223
Let n(b) = -b**3 + b**2 - 25*b - 46. Determine n(-2).
16
Let b(u) = -2*u**3 + 5*u**2 - 41*u + 166. Give b(3).
34
Let k(p) = -4*p**2 - 105*p - 706. Calculate k(-20).
-206
Let u(c) = -318*c - 29872. Calculate u(-94).
20
Let o(a) = 11*a - 342. Calculate o(30).
-12
Let v(q) = -q**2 + 182*q - 554. Determine v(3).
-17
Let z(f) = 35*f + 21. Give z(-2).
-49
Let l(p) = -44*p**2 - 663*p - 17. Calculate l(-15).
28
Let t(i) = 98*i + 1080. Give t(-11).
2
Let y(k) = 4141*k - 28987. Determine y(7).
0
Let p(l) = 12*l**2 + 2*l + 2. Determine p(-1).
12
Let c(b) = -905*b - 29845. Determine c(-33).
20
Let b(r) = -16*r**2 + 244*r - 33. What is b(15)?
27
Let n(g) = g**2 + 3*g - 15. Give n(0).
-15
Let z(s) = -s**3 + 45*s**2 + 49*s + 244. Determine z(46).
382
Let k(s) = -42*s + 1971. Give k(47).
-3
Let n(p) = -246*p + 1243. Calculate n(5).
13
Let h(u) = -29*u**2 - 57*u + 58. What is h(1)?
-28
Let f(s) = -1198*s + 59896. Determine f(50).
-4
Let p(k) = -326*k + 25426. Calculate p(78).
-2
Let w(f) = -100*f - 1149. Determine w(-11).
-49
Let f(m) = 2*m + 15. Calculate f(-11).
-7
Let z(a) = 23*a - 47. Calculate z(12).
229
Let s(o) = o**3 - 93*o**2 + 90*o + 7. Give s(92).
-177
Let q(g) = 71*g**2 + 415*g - 60. Calculate q(-6).
6
Let b(v) = v**3 - 47*v**2 - 319*v + 55. What is b(53)?
2
Let y(n) = -56*n**2 + n - 67. Determine y(0).
-67
Let u(k) = k**3 - 13*k**2 + 34*k + 6. Calculate u(9).
-12
Let v(k) = -435*k + 11307. Determine v(26).
-3
Let z(k) = k**3 + 13*k**2 + 17*k + 22. What is z(-12)?
-38
Let s(r) = 37*r + 2697. Calculate s(-73).
-4
Let p(z) = 21*z**2 + 6*z - 32. Calculate p(0).
-32
Let k(r) = 2*r**3 + 15*r**2 - 64*r - 490. What is k(-7)?
7
Let g(i) = -2*i**2 - 544*i + 5050. Give g(9).
-8
Let k(c) = 115*c - 12628. Determine k(110).
22
Let w(v) = 39*v**2 - 35*v - 1. Give w(1).
3
Let l(c) = -3*c**2 - 20*c - 24. Calculate l(-10).
-124
Let r(z) = -z**3 - 13*z**2 + 40*z - 64. Determine r(-15).
-214
Let f(k) = 48*k - 183. Give f(3).
-39
Let y(j) = 9*j**3 - 4*j**2 - 6*j - 1. Calculate y(-1).
-8
Let j(v) = 7*v - 136. Give j(37).
123
Let p(q) = -q**2 - 68*q + 1900. Calculate p(22).
-80
Let d(w) = w**3 - 83*w**2 + 1168*w + 113. Calculate d(65).
-17
Let o(j) = 636*j + 63625. Determine o(-100).
25
Let k(c) = -c**3 - 4*c**2 + 101*c + 25. Determine k(9).
-119
Let n(q) = 4*q**3 + 80*q**2 + 10. Calculate n(-20).
10
Let f(u) = -5*u**3 - 26*u**2 + 15*u + 26. What is f(-5)?
-74
Let w(v) = -v**3 + 15*v**2 - 40*v + 75. Calculate w(12).
27
Let m(w) = 258*w + 3876. Calculate m(-14).
264
Let x(m) = m**3 + 95*m**2 + 621*m - 89. What is x(-88)?
-529
Let u(f) = 5*f**2 + 12*f - 179. What is u(7)?
150
Let l(q) = 982*q + 4921. Give l(-5).
11
Let d(a) = 33*a**2 - 10. Give d(2).
122
Let s(r) = -36*r - 809. Give s(-21).
-53
Let u(v) = 4*v**2 + 41*v + 156. What is u(-5)?
51
Let k(l) = 138*l - 1436. Calculate k(9).
-194
Let t(s) = s**2 + 82*s + 447. Give t(-6).
-9
Let a(g) = -3*g**2 + 198*g - 915. Calculate a(5).
0
Let p(w) = -18*w + 771. Determine p(39).
69
Let a(h) = 3*h**3 - 21*h**2 + 32*h - 38. What is a(6)?
46
Let b(d) = -2*d**2 + 1872*d + 26603. Calculate b(-14).
3
Let n(i) = -39*i + 2404. Calculate n(61).
25
Let j(y) = -y**3 + 24*y**2 - 64*y + 315. Give j(22).
-125
Let b(d) = -7*d**2 + 749*d - 748. What is b(1)?
-6
Let z(c) = -106*c**2 + 26*c - 29. What is z(1)?
-109
Let d(z) = -z**3 + 36*z**2 + 7*z - 231. Give d(36).
21
Let a(p) = -3*p**3 + 10*p**2 - 37*p + 19. Give a(5).
-291
Let s(u) = -11*u + 266. Calculate s(32).
-86
Let v(j) = -47*j + 2663. What is v(56)?
31
Let b(x) = 1943*x + 5827. What is b(-3)?
-2
Let m(z) = -z**2 - 41*z - 379. What is m(-28)?
-15
Let m(g) = -2197*g + 32977. What is m(15)?
22
Let z(a) = 2*a**3 - 2*a**2 - 2521*a - 38. Give z(-35).
-3
Let h(l) = l**3 + 26*l**2 - 353*l - 65. Calculate h(10).
5
Let z(s) = -s**3 + 8*s**2 + 10*s + 43. Calculate z(10).
-57
Let q(o) = -16*o - 12. Give q(6).
-108
Let s(t) = -4*t**2 + 276*t - 1100. What is s(4)?
-60
Let h(o) = o**3 - 29*o**2 + 71*o - 46. What is h(26)?
-228
Let x(m) = -144*m**2 - 79*m + 5. Calculate x(-2).
-413
Let p(l) = -l**3 - 2*l**2 + 40*l + 18. Determine p(-6).
-78
Let k(z) = 52*z + 86. What is k(-2)?
-18
Let s(p) = p**2 + 10*p + 8. Calculate s(-15).
83
Let m(a) = -17*a - 662. What is m(-39)?
1
Let p(f) = -2*f**2 + 161*f - 1918. Calculate p(66).
-4
Let g(v) = v**3 - 24*v**2 - 119*v + 188. Calculate g(28).
-8
Let v(y) = -y**3 - 13*y**2 + 32*y + 28. Determine v(-15).
-2
Let y(s) = -58*s - 1608. Calculate y(-28).
16
Let k(l) = -l**2 - 3*l + 1538. Give k(-40).
58
Let h(